/(-3). What is the highest common divisor of c and 81?
27
Let n = 12 + -20. Let p = n - -33. Suppose 14 = 2*a + 2*y - 2, -14 = -2*a - 3*y. What is the highest common factor of a and p?
5
Let d(g) = -g**3 - 8*g**2 + 8*g - 7. Let q be d(-9). Let h be 27*2/3*q. Calculate the highest common divisor of h and 54.
18
Let v be (-7)/(-3 - (-24)/9). Calculate the highest common divisor of 35 and v.
7
Let o(y) = 2*y**2 - 11*y - 2. Let g be o(6). Calculate the highest common divisor of g and 4.
4
Let k be 782/13 + (-8)/52. Calculate the greatest common divisor of k and 40.
20
Let a(d) = -23*d + 32. Let o be a(-8). Calculate the greatest common divisor of 27 and o.
27
Let y be 124*((-5)/(-2) + -2). Let a = y - 2. Suppose -2*r - 3*m + 27 = 0, 0 = -r - 3*r + 2*m + 46. What is the highest common divisor of a and r?
12
Suppose -69 = -3*b + 2*p, -7*b + 4*p = -6*b - 23. Calculate the highest common factor of 161 and b.
23
Let f = -14 + 21. Let z be ((-15)/(-3) - -2)/(6/66). What is the highest common factor of f and z?
7
Suppose -4*g + 7*g + 4*o = 92, 97 = 3*g - o. What is the greatest common factor of 256 and g?
32
Let b(u) = u. Let s be b(2). Let q = -21 + -9. Let d be (144/q)/(6/(-20)). What is the greatest common factor of d and s?
2
Suppose 242 + 76 = 2*t + r, -499 = -3*t + 4*r. Calculate the highest common divisor of 46 and t.
23
Let u(y) = 2*y + 2. Suppose 0 = -r + 5*r - 2*i, 4*i - 9 = -r. Let v be u(r). Calculate the greatest common divisor of v and 12.
4
Suppose 0 = 5*w - 10*w. Suppose 2*c - 72 = -w*c. Let n(l) = 2*l**3 - l**2 - l - 1. Let k be n(2). What is the highest common factor of c and k?
9
Let q(i) = i + 8. Let f be q(-7). Suppose -h + 4*p = -1, 1 = 2*h - 4*p - f. What is the greatest common factor of h and 9?
1
Suppose 3*m + 3*y - 58 = -25, -5*y = 3*m - 39. Let j be -5*(528/(-10))/3. What is the highest common divisor of m and j?
8
Let o be 15*-23 + 2 + -2. Let f = -81 - o. Suppose 0*u + f = 3*u. What is the greatest common factor of 11 and u?
11
Let j(g) = -16*g + 16. Let p be j(-5). Calculate the greatest common factor of p and 240.
48
Suppose 2*i = 3*i - 6. Suppose d + 3 = -5. Let v = d - -26. What is the greatest common divisor of i and v?
6
Suppose -2*l = 133 - 389. What is the highest common divisor of l and 16?
16
Suppose 9*h - 15 = 8*h. Let z = 10 + h. Calculate the greatest common factor of 25 and z.
25
Let g = -10 + 16. Calculate the greatest common factor of 9 and g.
3
Suppose 5*i - 3*h + 2852 = -h, 2*i - 5*h + 1124 = 0. Let g be -3 + 3 + i/(-4). Calculate the greatest common factor of 13 and g.
13
Let r(f) = 5*f + 3. Let a be r(3). Calculate the highest common factor of 108 and a.
18
Suppose 5*m + 0*m - 85 = 0. Let g = -2 + 5. Let l = 54 - g. Calculate the highest common divisor of m and l.
17
Let v = 15 - 12. Suppose -v = 4*l - 63. What is the greatest common divisor of 120 and l?
15
Let g be (-70)/56 + 34/8. Calculate the highest common factor of g and 21.
3
Suppose 30 = -3*t - 2*t - 5*x, 0 = 2*x - 4. Let m be (1 - -1)*(-44)/t. What is the highest common divisor of m and 11?
11
Let b = -87 + 122. Suppose n = 16 - 1. Let p = n - 1. Calculate the highest common divisor of p and b.
7
Suppose 0 = -2*b - 3*b - 2*w + 112, 3*w = -5*b + 113. Let q be (-10)/(-45) + 34/9. Suppose s = 3*s - q. What is the greatest common divisor of b and s?
2
Let o = 78 + -36. Calculate the highest common divisor of o and 21.
21
Suppose 6*q - 8*q = -88. Suppose 0 = 2*y - y - 22. Calculate the greatest common divisor of q and y.
22
Suppose 0 = -3*s - 5*p - 11, -p - 3*p - 16 = 0. Suppose s*k = k + 18. What is the highest common factor of k and 81?
9
Suppose 3*q = 2*q. Suppose 0*r - r + 33 = q. What is the highest common divisor of 3 and r?
3
Suppose 4*z - 7*d = -3*d + 60, -17 = -z + 2*d. Calculate the highest common factor of z and 91.
13
Let c be (40/30)/(1/(-36)*-3). Let o(k) = 17*k**2 + 3*k. Let b be o(-3). What is the greatest common factor of b and c?
16
Let o(x) = -x + 63. Let i be o(21). What is the greatest common factor of 6 and i?
6
Let y(x) = 23*x - 10. Let j be y(5). What is the highest common divisor of j and 15?
15
Suppose -n - 10 = -2*n + s, 3*n - 31 = 2*s. Calculate the highest common factor of 77 and n.
11
Let q = 38 + -2. Let y be 2/5*10/2. Let d be (1 - 8/y)*-6. Calculate the greatest common divisor of q and d.
18
Suppose -2*x + 5*j + 37 = 0, -x + 2*j = 7*j - 11. Suppose -5*u + 4 = -3*d, -3*u - 1 = -5*d + 3. What is the highest common factor of x and d?
2
Let l be 130/11 + 6/33. Calculate the greatest common divisor of 96 and l.
12
Let h be -4*1*(-3)/6. Suppose h*s + 15 = 7*s. What is the highest common divisor of 15 and s?
3
Let b(y) = y**3 - 7*y**2 - 5*y + 11. Let n be b(8). Suppose n = 2*a - 415. What is the highest common divisor of 25 and a?
25
Suppose 440 = 7*x - 2*x. Let w(c) = -c + 1. Let n be w(-3). Suppose 0 = 4*t + n*p - 64, t - p = -4*t + 50. What is the highest common factor of t and x?
11
Let c = -9 + 4. Let u = -2 - c. Let w = 6 - 4. Calculate the highest common factor of w and u.
1
Let p(h) = h - 4. Let s be p(5). Let i be -1 - (-1 - (s - -2)). What is the highest common factor of 27 and i?
3
Let l(h) = h**2 - h - 10. Let r be l(10). What is the highest common factor of 16 and r?
16
Let m(u) be the second derivative of -3*u**3/2 - 13*u**2/2 - 5*u. Let t be m(-10). Calculate the greatest common divisor of t and 7.
7
Suppose -5*b = -o + 6*o - 50, -3*b + 38 = 5*o. Let d = 16 + -10. What is the greatest common factor of b and d?
6
Suppose 7*m = 2*m + 4*b + 198, 135 = 3*m + 3*b. Suppose -3*d + 0 + 6 = 3*r, 5*d = -4*r + 14. What is the highest common divisor of d and m?
6
Let i(f) = f**2 - 2*f - 31. Let s be i(7). What is the highest common divisor of s and 3?
1
Let m(c) = -c**2 - 4*c. Let r be m(-3). Suppose 0 = 2*k + 2*o - r - 7, 0 = 3*k + 2*o - 17. Calculate the highest common factor of k and 63.
7
Let m = 0 - -7. Let h be 1638/65*5/2. Calculate the greatest common divisor of m and h.
7
Suppose 4*d + 10 - 66 = 0. Let v(b) = -2*b - 4. Let t be v(-9). Calculate the greatest common factor of d and t.
14
Suppose 5*c = -2*o + 5*o + 81, 0 = o - 5*c + 17. Let n = 47 + o. Calculate the highest common divisor of 135 and n.
15
Suppose 4*k = 2*k. Let o be (-4)/(-12) - 22/(-6). Let y = o + k. Calculate the highest common factor of y and 8.
4
Let q be 1/(1 - 9/6). Let t be (q/5)/(2/260). Let m be 2 - 3/(3/t). Calculate the greatest common divisor of m and 6.
6
Let n = 212 + -81. Let y be ((-16)/(-10))/(6/15). Let t be (-12)/y + -2 + n. Calculate the highest common divisor of 18 and t.
18
Let x be ((-80)/14)/((-22)/77). What is the highest common divisor of 60 and x?
20
Let j(w) be the second derivative of w**3/6 + 7*w**2/2 - 2*w. Let a be j(7). Calculate the highest common divisor of 28 and a.
14
Let a(s) = -s**2 - 10*s + 5. Let v be a(-9). Suppose -w - 2*i - i = v, -13 = -3*w + 2*i. What is the highest common divisor of 7 and w?
1
Let k(x) = -x**3 - 8*x**2 + 9*x. Let n be k(-9). Suppose n = -s - 0*s + 7. Let l = 131 + -68. What is the highest common factor of s and l?
7
Let d(z) = 2*z**2 + 35*z + 20. Let l(n) = -n**2 - 17*n - 10. Let r(q) = 6*d(q) + 13*l(q). Let f be r(-7). What is the greatest common factor of 72 and f?
18
Let q be (-22)/(-10) - 11/55. Let z(l) = -4 + 5*l - 2*l**3 - l**3 + 4*l**3 + 6*l**2. Let j be z(-4). What is the greatest common divisor of j and q?
2
Suppose 3*f = -f - 4, -2*g + 29 = -3*f. Suppose 2*y + 195 = 5*x - y, -y = 0. Calculate the highest common factor of g and x.
13
Suppose 0 = 5*d - 4*o, -6*o + 4*o = d - 14. Let w be (-36)/16*d*-3. Calculate the greatest common divisor of 9 and w.
9
Let l(x) = -3*x**3 + x**2 + 2*x - 2. Let z be l(-3). Let f = 139 - z. Calculate the highest common factor of f and 19.
19
Suppose -5*y + h = -60, -2*y = 4*h - 3 + 1. Calculate the highest common factor of 99 and y.
11
Let a be (-937)/(-11) + (-18)/99. What is the highest common divisor of 34 and a?
17
Let d be 33*(3 + 0)/3. Calculate the highest common factor of 11 and d.
11
Let u(h) = -h**3 + 12*h**2 - 7*h - 7. Let g be u(11). What is the greatest common divisor of 185 and g?
37
Suppose 75 = 5*f - 0*f. Let j(v) = -62*v - 4. Let n be j(-2). Calculate the highest common factor of f and n.
15
Suppose -5*w + 3 = -2. Let c(i) = 